 s(5). Suppose 2*c = 3*w + 42, -2*c + 2*w + 58 = c. Calculate the greatest common divisor of h and c.
18
Let f = 8 + -2. Suppose -3*h - 10 + 64 = 0. Suppose -2 = y - 3*b - 8, b - h = -y. What is the greatest common factor of y and f?
3
Suppose -3*p - 4*r + 5 = 0, 5*p + 3 = 2*r - 3*r. Let i be -1 + 21/(2 - p). Calculate the highest common divisor of 18 and i.
6
Let x be (5 + 0)*16/5. Let v(f) = f**3 + 4*f**2 - f - 2. Let j be v(-4). Let k be -2 + j - 4*-4. What is the highest common divisor of x and k?
16
Let u(n) = 69*n**3 + 2*n - 1. Let j be u(1). Let z(r) = 2*r**2 - 2*r - 2. Let s be z(3). What is the greatest common divisor of j and s?
10
Let x be 44 + 5 + -3 + 2. Let g = 32 - 16. What is the highest common factor of g and x?
16
Let m(f) = f**3 + 5*f**2 + f - 1. Let c be m(-2). Suppose 5*z = -10, -12*j + 3*z = -15*j + 183. What is the highest common factor of c and j?
9
Let a(n) = 2*n**2 - 3*n + 2. Let r = -1 - -4. Let m be a(r). Suppose 2*o = 35 - m. What is the greatest common divisor of o and 6?
6
Let c = 1 - 3. Let x be 6 - (-1 - c/(-1)). Calculate the highest common divisor of x and 3.
3
Suppose -4*z - 18 = 2*x - 74, 4*x = 5*z + 125. What is the highest common divisor of x and 15?
15
Let x = 59 + -33. Calculate the greatest common divisor of 65 and x.
13
Let k(w) = -35*w. Let z be k(-1). Suppose -3*o = -7*o + 20. What is the highest common divisor of z and o?
5
Let v = -94 - -111. Calculate the greatest common divisor of v and 85.
17
Suppose 0 = 6*k - 2*k + 5*q - 308, -5*q - 77 = -k. Calculate the highest common divisor of 7 and k.
7
Suppose 8*k + 51 - 595 = 0. Suppose i = 0, i - 85 = -5*z + 3*i. What is the greatest common factor of k and z?
17
Let s = -141 + 147. Calculate the highest common factor of s and 12.
6
Let d = -2 - -1. Let w be ((-1 - 0) + 1)/d. Suppose -3*m + 72 = -4*n, 4*m - 96 = -w*n + 2*n. What is the highest common divisor of m and 36?
12
Let f be (5/(-10))/(2/(-24)). Let a be (-2)/(-4) - (-21)/f. Suppose 0 = t - a - 3. Calculate the greatest common factor of t and 56.
7
Suppose 2*b - 25 = -3*f, -5*b + 25 = f - b. What is the greatest common divisor of 1 and f?
1
Suppose 4*f - 8 = 4. What is the greatest common factor of f and 3?
3
Let d = 86 + -42. Let f be (28/8)/(2/4). Let n = f - -4. What is the highest common factor of n and d?
11
Let w be (-496)/(-10) + 8/20. What is the highest common factor of w and 20?
10
Suppose -w + 5*w - 2*a - 74 = 0, 3*a - 3 = 0. What is the highest common divisor of 38 and w?
19
Let a be 30/(3/((-3)/(-2))). Let l = a - 11. Suppose 0 = -3*c + q + 100 + 13, -l*q - 20 = 0. What is the greatest common factor of c and 4?
4
Let c(k) = -k**3 - 6*k**2 - k - 2. Let d be c(-6). Suppose -4*a - 22 = -7*a - 5*g, -5*g + 36 = d*a. Calculate the greatest common divisor of a and 2.
2
Let f(n) = n**2 - n + 8. Let a be f(0). Suppose 0*t - 5 = -5*t. What is the greatest common divisor of a and t?
1
Suppose 23 = 3*j - 19. What is the highest common divisor of 14 and j?
14
Let t(w) = w**2 + w - 1. Let n be t(-3). What is the highest common factor of 85 and n?
5
Let w = -29 - -49. Calculate the greatest common factor of w and 10.
10
Let j be (-12)/5*20/(-8). Let y = j + -16. Let x be (-216)/(-20) + (-2)/y. Calculate the greatest common divisor of x and 99.
11
Let p be (-100)/(-3) + (-3)/9. Let n be (p/12 - 2)*28. Suppose 6 - 13 = -l. Calculate the greatest common factor of l and n.
7
Suppose -z + 1 = -5. Let a be 21/z*(-1 - -11). What is the highest common factor of a and 14?
7
Let t(f) = 2*f + 1 - 4*f + 149*f**2 + 2*f. Let q be t(-1). What is the greatest common divisor of 15 and q?
15
Let j(y) = y + 15. Let x be j(0). Calculate the highest common divisor of x and 5.
5
Suppose 0 = 3*z - 7*z + 12. Let y = 3 - 2. What is the greatest common factor of z and y?
1
Let y(s) = 3*s**2 + s**2 + s**2 + 3 - 2. Let l be y(1). What is the highest common divisor of l and 9?
3
Suppose -4*s + 36 = -144. Calculate the highest common divisor of 18 and s.
9
Let y = 12 - -45. What is the highest common divisor of y and 38?
19
Suppose -k - 2*k = -9, 3 = -3*b + 5*k. Suppose -4 = 2*y - 5*i - 14, 2*y = -b*i + 28. What is the highest common factor of y and 50?
10
Let v(w) = w**2 - 9*w + 8. Let y be v(8). Let z be -2 - (y - 11) - -2. Calculate the greatest common divisor of z and 1.
1
Let f(b) = -b**3 + 7*b**2 + 11*b - 9. Let o be f(8). Suppose -24 = 12*x - o*x. What is the highest common divisor of 12 and x?
4
Let o(n) = 2*n**2 - 6*n + 4. Let u be o(7). Suppose -2*m = j - 6*m - 28, 5*j = 4*m + 76. What is the greatest common divisor of u and j?
12
Suppose 4*v = 8 + 44. Calculate the greatest common divisor of 104 and v.
13
Suppose -4*k + 6 = -3*k. Let f(p) = -p + 8. Let x be f(k). Suppose -5*t - 2 + 23 = x*c, 15 = t + 4*c. What is the highest common factor of t and 21?
3
Let q be (-72)/(-7) - (-12)/(-42). Let k = 16 - q. Let b = 9 - k. Calculate the greatest common divisor of 27 and b.
3
Let y be (18/15)/(5292/880 - 6). Let s(q) = q**2 + q + 8. Let j be s(0). What is the greatest common factor of y and j?
8
Let o = -1 + 5. Suppose 0 = -5*x + 16 + o. Let d = 4 + 0. Calculate the highest common divisor of d and x.
4
Let t(c) = -23*c**3 + c**2 + c + 1. Let w be t(-1). Calculate the highest common divisor of w and 6.
6
Let o be ((-4)/(-10))/(2/210). Let k = o - 20. Calculate the greatest common divisor of 55 and k.
11
Let l be 7/(42/(-16))*-18. Calculate the highest common factor of l and 120.
24
Suppose 3*q + 2*a - 66 = 480, -2*q + 2*a = -364. Let b(m) = 3*m**2 + m - 4. Let f be b(3). Calculate the greatest common divisor of q and f.
26
Let k be 450/8 - 3/12. What is the greatest common factor of k and 7?
7
Let h be (-378)/28 + (-3)/(-2). Let x = h + 22. Let w = 42 + -2. What is the highest common factor of x and w?
10
Let t(h) = 5*h**3 + 3*h**2 - h - 1. Let v be t(2). Let d(r) = -2*r + 1. Let i be d(-3). Let f be i*3/(0 + 3). What is the greatest common factor of v and f?
7
Let c = 16 + -11. Suppose 2*b = 125 - c. Suppose 3*f - 5*p = f + 29, 5*f + 3*p = 57. Calculate the greatest common divisor of f and b.
12
Suppose z + 2*v = -70, 0 = -5*z - 0*z + v - 339. Let h be (-2)/4 - 1245/(-10). Let r = h + z. What is the greatest common factor of r and 7?
7
Suppose -76 + 8 = -4*t. What is the greatest common divisor of t and 187?
17
Suppose -61*l = -57*l - 32. Let y(z) = -z**3 + 3*z - z**3 - 4*z - 2*z**2 + 1. Let p be y(-3). What is the greatest common divisor of l and p?
8
Let h be 91/2 + (-2)/4. Calculate the highest common factor of 15 and h.
15
Let w(i) = -i**2 - 25*i + 92. Let f be w(-28). What is the greatest common divisor of f and 4?
4
Let l(v) = -v**2 + 2*v + 22. Let c be l(0). Calculate the highest common factor of c and 11.
11
Let l(b) = b + 1. Let q be l(4). Suppose q*f = 97 + 203. Let m = -11 - -23. What is the highest common factor of f and m?
12
Suppose -144 = -g - 2*g. What is the highest common factor of g and 8?
8
Let a = 29 - 19. Calculate the highest common factor of 10 and a.
10
Suppose -5*p + 78 = 4*w, -p + 3*w - 5 + 32 = 0. Suppose 4*y = 2*y + p. What is the greatest common factor of 3 and y?
3
Let a(k) = k**3 - 4*k + 3. Let r = -2 - -4. Let z be a(r). Calculate the greatest common factor of 1 and z.
1
Let n be (-4)/(-16) - 6/(-8). Let y be (-4)/4 + n*2. Calculate the highest common divisor of 9 and y.
1
Suppose 0 = -7*x - 0 + 21. Suppose x*f - 78 = 87. Calculate the highest common divisor of 11 and f.
11
Let j = -206 - -366. Suppose -3*b - b - j = 0. Let i = -23 - b. Calculate the highest common divisor of i and 119.
17
Suppose -25 = 2*t + 3*t, -4*q - 2*t + 158 = 0. Let z(w) = -w + 10. Let s be z(10). Let i be (3 - s)*(-4)/(-2). What is the greatest common divisor of q and i?
6
Suppose -b = 4*n - 85, 3*b - 305 = -2*n - 0*n. What is the highest common factor of b and 7?
7
Let k = -183 + 363. Suppose 2*i - 3*i = -k. Calculate the greatest common factor of 20 and i.
20
Let a(i) = i - 4. Let d be a(7). Suppose -s - d*f + 80 = -8*f, -5*s + 270 = f. Calculate the greatest common divisor of 5 and s.
5
Let h be (45 + 1)/((-12)/(-30)). What is the highest common factor of 23 and h?
23
Let q be 61/(-2) - (-3)/6. Let x = 206 + q. What is the greatest common factor of x and 16?
16
Let c(r) = 21*r**3 - 5*r**2 + 4*r. Let n be c(